{"id":14,"date":"2019-03-04T10:29:47","date_gmt":"2019-03-04T09:29:47","guid":{"rendered":"https:\/\/sprachlabor-elena.com\/skype-lesson\/?page_id=14"},"modified":"2024-01-10T22:15:42","modified_gmt":"2024-01-10T21:15:42","slug":"de","status":"publish","type":"page","link":"https:\/\/sprachlabor-elena.com\/skype-lesson\/","title":{"rendered":"DE"},"content":{"rendered":"<div class=\"gb-container gb-container-097d555a\" id=\"de1\"><div class=\"gb-inside-container\">\r\n\r\n<div class=\"gb-grid-wrapper gb-grid-wrapper-a83ea675\">\r\n\r\n<div class=\"gb-grid-column gb-grid-column-9264c116\"><div class=\"gb-container gb-container-9264c116\"><div class=\"gb-inside-container\">\r\n\r\n\r\n<h1 class=\"gb-headline gb-headline-ec95b616 gb-headline-text\"><strong>Lernen Sie online Spanisch <br \/>mit ELEna.<\/strong><\/h1>\r\n\r\n\r\n\r\n\r\n\r\n<h4 class=\"gb-headline gb-headline-40e72609\"><span class=\"gb-headline-text\">Lernen Sie in ihrem eigenen Lerntempo<\/span><\/h4>\r\n\r\n\r\n<div class=\"gb-button-wrapper gb-button-wrapper-b31d470a\">\r\n\r\n\r\n\r\n<\/div>\r\n\r\n<div class=\"gb-button-wrapper gb-button-wrapper-f68d651b\">\r\n\r\n\r\n<p><a class=\"gb-button gb-button-0b2030a4 gb-button-text\" href=\"mailto:mabisancristobal@gmail.com\" target=\"_blank\" rel=\"nofollow noopener noreferrer\">E-Mail senden<\/a><\/p>\r\n<\/div><\/div><\/div><\/div><\/div><\/div><\/div>\r\n\r\n<div class=\"gb-container gb-container-4f6a90c6\" id=\"de2\"><div class=\"gb-inside-container\">\r\n\r\n<div class=\"gb-grid-wrapper gb-grid-wrapper-316face0\">\r\n\r\n<div class=\"gb-grid-column gb-grid-column-dea35034\"><div class=\"gb-container gb-container-dea35034\"><div class=\"gb-inside-container\">\r\n\r\n\r\n<h2 class=\"gb-headline gb-headline-5790966d gb-headline-text\"><strong>ELEna &#8211; Ihre Lehrerin<\/strong><\/h2>\r\n<ul>\r\n<li class=\"gb-headline gb-headline-5790966d gb-headline-text\">Geboren in Venezuela (Venezuela\/Ecuador)<\/li>\r\n<li class=\"gb-headline gb-headline-5790966d gb-headline-text\">In der Schweiz seit 1989\r\n\r\n<\/li>\r\n<li>Mutter von zwei T\u00f6chtern<\/li>\r\n<li>\u00a0Verheiratet<\/li>\r\n<\/ul>\r\n<p>&#8222;Ich liebe es zu reisen und zu unterrichten, wo ich immer spannende und neue Menschen treffe und kennenlernen darf&#8220;.<\/p>\r\n<p>\r\n\r\n<\/p>\r\n<p><strong>Meine Arbeitserfahrung<\/strong><\/p>\r\n<ul>\r\n<li class=\"gb-headline gb-headline-d013fa69 gb-headline-text\">Pro Senectute, Bern (25 Jahre)<\/li>\r\n<li class=\"gb-headline gb-headline-d013fa69 gb-headline-text\">\u00a0Migros Klubschule Thun &#8211; Bern (18 Jahre)<\/li>\r\n<li class=\"gb-headline gb-headline-d013fa69 gb-headline-text\">VHS Schwarzenburg (7 Jahre)<\/li>\r\n<li class=\"gb-headline gb-headline-d013fa69 gb-headline-text\">Gr\u00fcnig, Schwarzenburg (1 Jahr)<\/li>\r\n<li class=\"gb-headline gb-headline-d013fa69 gb-headline-text\">Wyss Academy, Bern &#8211; Espa\u00f1ol intercultural (3 Jahre)<\/li>\r\n<li class=\"gb-headline gb-headline-d013fa69 gb-headline-text\">Universidade Aberta \u00e0 Terceira Idade (Uati): Volontariat als Profesor ELE an der \u00f6ffentlichen Universit\u00e4t f\u00fcr Senioren in Salvador de Bah\u00eda, Brasil. (3 Monate)<\/li>\r\n<\/ul>\r\n\r\n\r\n\r\n\r\n\r\n\r\n\r\n<h4 class=\"gb-headline gb-headline-657b7650 gb-headline-text\"><strong>Meine Ausbildungen<\/strong><\/h4>\r\n\r\n\r\n\r\n<ul>\r\n<li>2000: Spielgruppe Leiterin &#8211; Bern<\/li>\r\n<li>2002: Interkulturelle \u00dcbersetzerin &#8211; INTERPRET<\/li>\r\n<li>2008: Erwachsenenbildnerin SVEB I<\/li>\r\n<li>2010: Weiterbildung als profesor ELE, Granada, Spanien.<\/li>\r\n<li>2012 M\u00e1ster (t\u00edtulo privado) Universidad de Salamanca UPSA &#8211; Fundaci\u00f3n Fidescu, Madrid.<\/li>\r\n<li>2014: CAS Grundlagen der Elternbildung Universit\u00e4t Fribourg \u2013 Schweiz.<\/li>\r\n<li>2016: I Congreso de profesores de espa\u00f1ol en Valencia, Espa\u00f1a.<\/li>\r\n<li>2019 bis Heute: Verschiede Interne Weiterbildungen oder Online.<\/li>\r\n<\/ul>\r\n\r\n\r\n\r\n<p class=\"gb-headline gb-headline-c054c6cc gb-headline-text\">Damit ich auf dem neuesten Stand bleibe, besuchte ich verschiedene Tagungen in ganz Europa: Stuttgart, Mailand, Z\u00fcrich, Bern, London, M\u00fcnchen, Wien, Valencia und Barcelona.<\/p>\r\n<p>Seit ich Grossmutter geworden bin, bin ich online unterwegs.<\/p>\r\n\r\n\r\n\r\n<h4 class=\"gb-headline gb-headline-2f6cd775 gb-headline-text\"><strong>Erfahrungen als Referentin<\/strong><\/h4>\r\n\r\n\r\n\r\n<p><span class=\"has-inline-background\" style=\"background-color: var(--base-3);\"><strong>M\u00e4rz 2022: <\/strong>&#8222;<\/span>Sumar experiencias, restar mitos y construir saberes. Adultos 55+ aprendiendo una lengua extranjera&#8220; Eist der suggestive und n\u00fctzliche Workshop von Marcela Fritzler von Sin Fronteras und Elena Binggeli vom Sprachlabor ELE(na).<\/p>\r\n\r\n\r\n\r\n<p><strong>Mai 2021:<\/strong> Dreist\u00fcndiger Workshop \u00fcber das Beste aus dem Unterrichten von erwachsenen Lernenden aller Stufen herausholen &#8211; &#8222;La sinestesia en las tareas para mayores 55&#8220; &#8211; Ibercultura, Luzern.<\/p>\r\n\r\n\r\n\r\n<p class=\"gb-headline gb-headline-6c08b0eb gb-headline-text\"><strong>Dezember 2018<\/strong>: Referentin beim 30. internationalen Treffen \u00abProfesores ELE\u00bb &#8211; \u00abWie lernen Senioren 65+ und wie kann man ihr Lernprozess optimieren\u00bb. Difusi\u00f3n Verlag &#8211; International House, Barcelona, Spanien.<\/p>\r\n\r\n\r\n\r\n<p class=\"gb-headline gb-headline-6dca039c gb-headline-text\"><strong>Juli 2016: <\/strong>Referentin beim ersten Kongress von &#8222;Profesores ELE&#8220; in Valencia, Spanien, ProfesorDeEle.es: Fremdsprachige Enkelkinder in binationalen Familien, &#8222;Wieso lernen Senioren Spanisch\u201c.<\/p>\r\n<\/div><\/div><\/div>\r\n\r\n<div class=\"gb-grid-column gb-grid-column-45ec4c04\"><div class=\"gb-container gb-container-45ec4c04\"><div class=\"gb-inside-container\">\r\n\r\n\r\n<div class=\"wp-block-image is-style-default eplus-w0SeCP\">\r\n<figure class=\"alignleft size-large is-resized\"><img loading=\"lazy\" decoding=\"async\" class=\"wp-image-216\" src=\"https:\/\/sprachlabor-elena.com\/skype-lesson\/wp-content\/uploads\/sites\/2\/2021\/02\/elena.jpg\" alt=\"\" width=\"174\" height=\"278\" srcset=\"https:\/\/sprachlabor-elena.com\/skype-lesson\/wp-content\/uploads\/sites\/2\/2021\/02\/elena.jpg 1282w, https:\/\/sprachlabor-elena.com\/skype-lesson\/wp-content\/uploads\/sites\/2\/2021\/02\/elena-768x1227.jpg 768w, https:\/\/sprachlabor-elena.com\/skype-lesson\/wp-content\/uploads\/sites\/2\/2021\/02\/elena-962x1536.jpg 962w\" sizes=\"auto, (max-width: 174px) 100vw, 174px\" \/><\/figure>\r\n<\/div>\r\n<\/div><\/div><\/div><\/div><\/div><\/div>\r\n\r\n<div class=\"gb-container gb-container-397e15b5\" id=\"de3\"><div class=\"gb-inside-container\">\r\n\r\n\r\n<h2 class=\"gb-headline gb-headline-16200385 gb-headline-text\"><strong>R\u00fcckmeldung von Lernenden<\/strong><\/h2>\r\n\r\n\r\n<div class=\"gb-grid-wrapper gb-grid-wrapper-f9b60615\">\r\n\r\n<div class=\"gb-grid-column gb-grid-column-82892dfa\"><div class=\"gb-container gb-container-82892dfa\"><div class=\"gb-inside-container\">\r\n\r\n\r\n<p class=\"gb-headline gb-headline-57426f34 gb-headline-text\"><em>&#8222;Un profesor para mayores debe informarse sobre t\u00e9cnicas especiales para ayudar a sus alumnos. Pero pienso que lo m\u00e1s importante es la paciencia, la simpat\u00eda y el buen humor y de esto disfrutamos cada lunes, gracias Elena.&#8220;<\/em><\/p>\r\n\r\n\r\n\r\n<h6 class=\"gb-headline gb-headline-4eefea14 gb-headline-text\"><strong>Veronika 71 J.<\/strong><\/h6>\r\n<\/div><\/div><\/div>\r\n\r\n<div class=\"gb-grid-column gb-grid-column-01df6434\"><div class=\"gb-container gb-container-01df6434\"><div class=\"gb-inside-container\">\r\n\r\n\r\n<p class=\"gb-headline gb-headline-56ef3f78 gb-headline-text\"><em>&#8222;Elena, ist fr\u00f6hlich und engagiert, bringt Heiterkeit und gute Ideen. Die Lektionen sind klar aufgebaut. Bietet viel \u00dcbungsm\u00f6glichkeiten in die Stunden, die uns zum reden anregen!&#8220;<\/em><\/p>\r\n\r\n\r\n\r\n<h6 class=\"gb-headline gb-headline-e355cbc0 gb-headline-text\"><strong>Elsbeth 68 J.<\/strong><\/h6>\r\n<\/div><\/div><\/div>\r\n\r\n<div class=\"gb-grid-column gb-grid-column-7d995242\"><div class=\"gb-container gb-container-7d995242\"><div class=\"gb-inside-container\">\r\n\r\n\r\n<p class=\"gb-headline gb-headline-8a65d736 gb-headline-text\"><em>&#8222;E. Binggeli es una profesora muy simp\u00e1tica nos motiva con sus temas y con la presentaci\u00f3n de sus lecciones. El curso es divertido y a veces sorprendente. Me gustan sus proyectos como escribir sobre colores o sobre el papel de la mujer, etc.&#8220;<\/em><\/p>\r\n\r\n\r\n\r\n<h6 class=\"gb-headline gb-headline-73a12107 gb-headline-text\"><strong>Marianne 73 J.<\/strong><\/h6>\r\n<\/div><\/div><\/div>\r\n\r\n<div class=\"gb-grid-column gb-grid-column-ee0cd015\"><div class=\"gb-container gb-container-ee0cd015\"><div class=\"gb-inside-container\">\r\n\r\n\r\n<p class=\"gb-headline gb-headline-246cc0b2 gb-headline-text\"><em>&#8222;Ich sch\u00e4tze den Unterricht via Skype mit Elena, weil sie ganz auf mich eingehen kann und ich dabei viel lerne.<\/em><br \/><em>Sie nutzt alle M\u00f6glichkeiten des Programms aus. Ein positiver Zusatzeffekt ist auch, dass ich nicht weit reisen muss (wie sonst).&#8220;<\/em><\/p>\r\n\r\n\r\n\r\n<h6 class=\"gb-headline gb-headline-2aed2695 gb-headline-text\"><strong>Maria M. 60 J.<\/strong><\/h6>\r\n<\/div><\/div><\/div><\/div><\/div><\/div>\r\n\r\n<div class=\"gb-container gb-container-2a055efb\" id=\"de4\"><div class=\"gb-inside-container\">\r\n\r\n<div class=\"gb-grid-wrapper gb-grid-wrapper-00e3c54d\">\r\n\r\n<div class=\"gb-grid-column gb-grid-column-abd99919\"><div class=\"gb-container gb-container-abd99919\"><div class=\"gb-inside-container\">\r\n\r\n\r\n<h2 class=\"gb-headline gb-headline-180f76f8 gb-headline-text\"><strong>Wollen Sie auch Interkulturelles Spanisch lernen?<\/strong><\/h2>\r\n\r\n\r\n\r\n<p class=\"gb-headline gb-headline-590e4afa gb-headline-text\"><strong>Dann melden Sie sich bei mir!<\/strong><\/p>\r\n\r\n\r\n\r\n<p class=\"gb-headline gb-headline-e4f4d6a7 gb-headline-text\">1. schreiben Sie mir eine E-Mail auf <a class=\"ek-link\" href=\"mailto:mabisancristobal@gmail.com\"><span class=\"has-inline-color\" style=\"color: #23937f;\">mabisancristobal@gmail.com<\/span><\/a><br \/>2. wir vereinbaren einen Termin f\u00fcr eine unverbindliche Probelektion.<br \/>3. wir halten die Probelektion und sprechen \u00fcber das weitere Vorgehen.<\/p>\r\n<\/div><\/div><\/div><\/div>\r\n\r\n<div class=\"gb-grid-wrapper gb-grid-wrapper-011bb470\">\r\n\r\n<div class=\"gb-grid-column gb-grid-column-36e66693\"><div class=\"gb-container gb-container-36e66693\"><div class=\"gb-inside-container\">\r\n\r\n\r\n<h4 class=\"gb-headline gb-headline-027ac300 gb-headline-text\"><strong>Konditionen f\u00fcr Einzelunterricht<\/strong><\/h4>\r\n\r\n\r\n\r\n<p class=\"gb-headline gb-headline-0331b6fe gb-headline-text\">\u00bb unverbindliche Probelektion \u00e1 30 Min.<br \/>\u00bb 1 Sitzung \u00e1 60 Min.<\/p>\r\n<\/div><\/div><\/div>\r\n\r\n<div class=\"gb-grid-column gb-grid-column-0119f668\"><div class=\"gb-container gb-container-0119f668\"><div class=\"gb-inside-container\">\r\n\r\n\r\n<h4 class=\"gb-headline gb-headline-b94901cc gb-headline-text\"><strong>Konditionen f\u00fcr Gruppenunterricht<\/strong><\/h4>\r\n\r\n\r\n\r\n<p class=\"gb-headline gb-headline-bceb3b11 gb-headline-text\">\u00bb zwei Personen \u00e1 60 Min. Preis nach Abfrage.<br \/>\u00bb ab drei Personen \u00e1 60 Min. Preis nach Abfrage.<\/p>\r\n<\/div><\/div><\/div><\/div><\/div><\/div>\r\n\r\n<div class=\"gb-container gb-container-fb101492\" id=\"de5\"><div class=\"gb-inside-container\">\r\n\r\n\r\n<h2 class=\"gb-headline gb-headline-5a5fe2eb gb-headline-text\"><strong>Einige Impressionen aus meinem Unterricht<\/strong><\/h2>\r\n\r\n\r\n<div class=\"gb-grid-wrapper gb-grid-wrapper-b6a63a9a\">\r\n\r\n<div class=\"gb-grid-column gb-grid-column-d7d934ca\"><div class=\"gb-container gb-container-d7d934ca\"><div class=\"gb-inside-container\">\r\n\r\n\r\n<figure class=\"wp-block-video eplus-hANnPd\"><video src=\"https:\/\/sprachlabor-elena.com\/skype-lesson\/wp-content\/uploads\/sites\/2\/2021\/02\/elena-vid1.mp4\" controls=\"controls\" width=\"300\" height=\"150\"><\/video><\/figure>\r\n<\/div><\/div><\/div>\r\n\r\n<div class=\"gb-grid-column gb-grid-column-e59c277a\"><div class=\"gb-container gb-container-e59c277a\"><div class=\"gb-inside-container\">\r\n\r\n\r\n<figure class=\"wp-block-video eplus-pUrtya\"><video src=\"https:\/\/sprachlabor-elena.com\/skype-lesson\/wp-content\/uploads\/sites\/2\/2021\/02\/elena-vid2.mp4\" controls=\"controls\" width=\"300\" height=\"150\"><\/video><\/figure>\r\n<\/div><\/div><\/div>\r\n\r\n<div class=\"gb-grid-column gb-grid-column-f6223a21\"><div class=\"gb-container gb-container-f6223a21\"><div class=\"gb-inside-container\">\r\n\r\n\r\n<figure class=\"wp-block-video eplus-lMWPZH\"><video src=\"https:\/\/sprachlabor-elena.com\/skype-lesson\/wp-content\/uploads\/sites\/2\/2021\/02\/elena-vid3.mp4\" controls=\"controls\" width=\"300\" height=\"150\"><\/video><\/figure>\r\n<\/div><\/div><\/div><\/div><\/div><\/div>\r\n\r\n<div class=\"gb-container gb-container-2c0128cf\" id=\"de6\"><div class=\"gb-inside-container\">\r\n\r\n\r\n<div class=\"wp-block-ep-toggles ep_toggles_wrapper__d23f4467-da9b-4429-b6b4-f21318f61e9a undefined\"><style>.eplus_styles .ep_toggles_wrapper__d23f4467-da9b-4429-b6b4-f21318f61e9a .ep_toggles_wrapper {\r\n                \r\n                grid-template-columns: repeat(1 , 1fr) ;\r\n            }.eplus_styles .ep_toggles_wrapper__d23f4467-da9b-4429-b6b4-f21318f61e9a .wp-block-ep-toggle-item, [data-type='ep\/toggle-item'] {\r\n                \r\n                grid-template-columns: 100% ;\r\n            }.eplus_styles .ep_toggles_wrapper__d23f4467-da9b-4429-b6b4-f21318f61e9a .wp-block-ep-toggle-item, [data-type='ep\/toggle-item'] {\r\n                \r\n                justify-content: center;\r\n            }.eplus_styles .ep_toggles_wrapper__d23f4467-da9b-4429-b6b4-f21318f61e9a .ep_toggles_wrapper {\r\n                \r\n                grid-gap: 15px ;\r\n            }.eplus_styles .ep_toggles_wrapper__d23f4467-da9b-4429-b6b4-f21318f61e9a .ep_toggle_item_title {\r\n                \r\n                color: rgba(255, 255, 255, 1);\r\nfont-size: 17px ;\r\n            }\r\n            \r\n        \r\n         \r\n        \r\n            .eplus_styles .ep_toggles_wrapper__d23f4467-da9b-4429-b6b4-f21318f61e9a .ep_toggle_item_title:hover {\r\n                color: #ffffff;\r\n            }.eplus_styles .ep_toggles_wrapper__d23f4467-da9b-4429-b6b4-f21318f61e9a .ep_ti_open .ep_toggle_item_title {\r\n                \r\n                color: #ffffff;\r\n            }.eplus_styles .ep_toggles_wrapper__d23f4467-da9b-4429-b6b4-f21318f61e9a .ep_toggle_item_title {\r\n                \r\n                background-image: linear-gradient(rgba(35, 147, 127, 1), rgba(35, 147, 127, 1));\r\n            }\r\n            \r\n        \r\n         \r\n        \r\n            .eplus_styles .ep_toggles_wrapper__d23f4467-da9b-4429-b6b4-f21318f61e9a .ep_toggle_item_title:hover {\r\n                background-image: linear-gradient(rgba(35, 147, 127, 1), rgba(35, 147, 127, 1));\r\n            }.eplus_styles .ep_toggles_wrapper__d23f4467-da9b-4429-b6b4-f21318f61e9a .ep_ti_open .ep_toggle_item_title {\r\n                \r\n                background-image: linear-gradient(rgba(239, 180, 79, 1), rgba(239, 180, 79, 1));\r\n            }.eplus_styles .ep_toggles_wrapper__d23f4467-da9b-4429-b6b4-f21318f61e9a .ep_toggle_item_title {\r\n                \r\n                padding: 15px 15px 15px 15px ;\r\n            }.eplus_styles .ep_toggles_wrapper__d23f4467-da9b-4429-b6b4-f21318f61e9a .ep_toggle_item_content {\r\n                \r\n                background-image: linear-gradient(rgba(255, 255, 255, 1), rgba(255, 255, 255, 1));\r\n            }.eplus_styles .ep_toggles_wrapper__d23f4467-da9b-4429-b6b4-f21318f61e9a .ep_toggle_item_content {\r\n                \r\n                padding: 15px 15px 15px 15px ;\r\n            }<\/style><\/div>\r\n<\/div><\/div><!-- \/wp:generateblocks\/grid --><!-- \/wp:generateblocks\/container -->\r\n\r\n<!-- wp:paragraph -->\r\n<p>&nbsp;<\/p>\r\n<!-- \/wp:paragraph -->","protected":false},"excerpt":{"rendered":"<p>R\u00fcckmeldung von Lernenden Einige Impressionen aus meinem Unterricht &nbsp;<\/p>\n","protected":false},"author":1,"featured_media":0,"parent":0,"menu_order":0,"comment_status":"closed","ping_status":"closed","template":"","meta":{"_editorskit_title_hidden":false,"_editorskit_reading_time":4,"_editorskit_is_block_options_detached":false,"_editorskit_block_options_position":"{}","footnotes":""},"class_list":["post-14","page","type-page","status-publish"],"yoast_head":"<!-- This site is optimized with the Yoast SEO plugin v20.13 - https:\/\/yoast.com\/wordpress\/plugins\/seo\/ -->\n<title>DE - Spanisch Unterricht mit ELEna<\/title>\n<meta name=\"description\" content=\"ELEna - Ihre Lehrerin Geboren in Venezuela (Venezuela\/Ecuador)In der Schweiz seit 1989 &quot;Ich liebe es zu reisen und zu unterrichten&quot;\" \/>\n<meta name=\"robots\" content=\"index, follow, max-snippet:-1, max-image-preview:large, max-video-preview:-1\" \/>\n<link rel=\"canonical\" href=\"https:\/\/sprachlabor-elena.com\/skype-lesson\/\" \/>\n<meta property=\"og:locale\" content=\"de_DE\" \/>\n<meta property=\"og:type\" content=\"article\" \/>\n<meta property=\"og:title\" content=\"DE - Spanisch Unterricht mit ELEna\" \/>\n<meta property=\"og:description\" content=\"ELEna - Ihre Lehrerin Geboren in Venezuela (Venezuela\/Ecuador)In der Schweiz seit 1989 &quot;Ich liebe es zu reisen und zu unterrichten&quot;\" \/>\n<meta property=\"og:url\" content=\"https:\/\/sprachlabor-elena.com\/skype-lesson\/\" \/>\n<meta property=\"og:site_name\" content=\"Spanisch Unterricht mit ELEna\" \/>\n<meta property=\"article:modified_time\" content=\"2024-01-10T21:15:42+00:00\" \/>\n<meta property=\"og:image\" content=\"https:\/\/sprachlabor-elena.com\/skype-lesson\/wp-content\/uploads\/sites\/2\/2021\/02\/elena.jpg\" \/>\n<meta name=\"twitter:card\" content=\"summary_large_image\" \/>\n<meta name=\"twitter:label1\" content=\"Gesch\u00e4tzte Lesezeit\" \/>\n\t<meta name=\"twitter:data1\" content=\"4\u00a0Minuten\" \/>\n<script type=\"application\/ld+json\" class=\"yoast-schema-graph\">{\"@context\":\"https:\/\/schema.org\",\"@graph\":[{\"@type\":\"WebPage\",\"@id\":\"https:\/\/sprachlabor-elena.com\/skype-lesson\/\",\"url\":\"https:\/\/sprachlabor-elena.com\/skype-lesson\/\",\"name\":\"DE - Spanisch Unterricht mit ELEna\",\"isPartOf\":{\"@id\":\"https:\/\/sprachlabor-elena.com\/skype-lesson\/#website\"},\"datePublished\":\"2019-03-04T09:29:47+00:00\",\"dateModified\":\"2024-01-10T21:15:42+00:00\",\"description\":\"ELEna - Ihre Lehrerin Geboren in Venezuela (Venezuela\/Ecuador)In der Schweiz seit 1989 \\\"Ich liebe es zu reisen und zu unterrichten\\\"\",\"breadcrumb\":{\"@id\":\"https:\/\/sprachlabor-elena.com\/skype-lesson\/#breadcrumb\"},\"inLanguage\":\"de\",\"potentialAction\":[{\"@type\":\"ReadAction\",\"target\":[\"https:\/\/sprachlabor-elena.com\/skype-lesson\/\"]}]},{\"@type\":\"BreadcrumbList\",\"@id\":\"https:\/\/sprachlabor-elena.com\/skype-lesson\/#breadcrumb\",\"itemListElement\":[{\"@type\":\"ListItem\",\"position\":1,\"name\":\"Home\",\"item\":\"https:\/\/sprachlabor-elena.com\/skype-lesson\/\"},{\"@type\":\"ListItem\",\"position\":2,\"name\":\"DE\"}]},{\"@type\":\"WebSite\",\"@id\":\"https:\/\/sprachlabor-elena.com\/skype-lesson\/#website\",\"url\":\"https:\/\/sprachlabor-elena.com\/skype-lesson\/\",\"name\":\"Spanisch Unterricht mit ELEna\",\"description\":\"\",\"potentialAction\":[{\"@type\":\"SearchAction\",\"target\":{\"@type\":\"EntryPoint\",\"urlTemplate\":\"https:\/\/sprachlabor-elena.com\/skype-lesson\/?s={search_term_string}\"},\"query-input\":\"required name=search_term_string\"}],\"inLanguage\":\"de\"}]}<\/script>\n<!-- \/ Yoast SEO plugin. -->","yoast_head_json":{"title":"DE - Spanisch Unterricht mit ELEna","description":"ELEna - Ihre Lehrerin Geboren in Venezuela (Venezuela\/Ecuador)In der Schweiz seit 1989 \"Ich liebe es zu reisen und zu unterrichten\"","robots":{"index":"index","follow":"follow","max-snippet":"max-snippet:-1","max-image-preview":"max-image-preview:large","max-video-preview":"max-video-preview:-1"},"canonical":"https:\/\/sprachlabor-elena.com\/skype-lesson\/","og_locale":"de_DE","og_type":"article","og_title":"DE - Spanisch Unterricht mit ELEna","og_description":"ELEna - Ihre Lehrerin Geboren in Venezuela (Venezuela\/Ecuador)In der Schweiz seit 1989 \"Ich liebe es zu reisen und zu unterrichten\"","og_url":"https:\/\/sprachlabor-elena.com\/skype-lesson\/","og_site_name":"Spanisch Unterricht mit ELEna","article_modified_time":"2024-01-10T21:15:42+00:00","og_image":[{"url":"https:\/\/sprachlabor-elena.com\/skype-lesson\/wp-content\/uploads\/sites\/2\/2021\/02\/elena.jpg"}],"twitter_card":"summary_large_image","twitter_misc":{"Gesch\u00e4tzte Lesezeit":"4\u00a0Minuten"},"schema":{"@context":"https:\/\/schema.org","@graph":[{"@type":"WebPage","@id":"https:\/\/sprachlabor-elena.com\/skype-lesson\/","url":"https:\/\/sprachlabor-elena.com\/skype-lesson\/","name":"DE - Spanisch Unterricht mit ELEna","isPartOf":{"@id":"https:\/\/sprachlabor-elena.com\/skype-lesson\/#website"},"datePublished":"2019-03-04T09:29:47+00:00","dateModified":"2024-01-10T21:15:42+00:00","description":"ELEna - Ihre Lehrerin Geboren in Venezuela (Venezuela\/Ecuador)In der Schweiz seit 1989 \"Ich liebe es zu reisen und zu unterrichten\"","breadcrumb":{"@id":"https:\/\/sprachlabor-elena.com\/skype-lesson\/#breadcrumb"},"inLanguage":"de","potentialAction":[{"@type":"ReadAction","target":["https:\/\/sprachlabor-elena.com\/skype-lesson\/"]}]},{"@type":"BreadcrumbList","@id":"https:\/\/sprachlabor-elena.com\/skype-lesson\/#breadcrumb","itemListElement":[{"@type":"ListItem","position":1,"name":"Home","item":"https:\/\/sprachlabor-elena.com\/skype-lesson\/"},{"@type":"ListItem","position":2,"name":"DE"}]},{"@type":"WebSite","@id":"https:\/\/sprachlabor-elena.com\/skype-lesson\/#website","url":"https:\/\/sprachlabor-elena.com\/skype-lesson\/","name":"Spanisch Unterricht mit ELEna","description":"","potentialAction":[{"@type":"SearchAction","target":{"@type":"EntryPoint","urlTemplate":"https:\/\/sprachlabor-elena.com\/skype-lesson\/?s={search_term_string}"},"query-input":"required name=search_term_string"}],"inLanguage":"de"}]}},"_links":{"self":[{"href":"https:\/\/sprachlabor-elena.com\/skype-lesson\/wp-json\/wp\/v2\/pages\/14","targetHints":{"allow":["GET"]}}],"collection":[{"href":"https:\/\/sprachlabor-elena.com\/skype-lesson\/wp-json\/wp\/v2\/pages"}],"about":[{"href":"https:\/\/sprachlabor-elena.com\/skype-lesson\/wp-json\/wp\/v2\/types\/page"}],"author":[{"embeddable":true,"href":"https:\/\/sprachlabor-elena.com\/skype-lesson\/wp-json\/wp\/v2\/users\/1"}],"replies":[{"embeddable":true,"href":"https:\/\/sprachlabor-elena.com\/skype-lesson\/wp-json\/wp\/v2\/comments?post=14"}],"version-history":[{"count":6,"href":"https:\/\/sprachlabor-elena.com\/skype-lesson\/wp-json\/wp\/v2\/pages\/14\/revisions"}],"predecessor-version":[{"id":261,"href":"https:\/\/sprachlabor-elena.com\/skype-lesson\/wp-json\/wp\/v2\/pages\/14\/revisions\/261"}],"wp:attachment":[{"href":"https:\/\/sprachlabor-elena.com\/skype-lesson\/wp-json\/wp\/v2\/media?parent=14"}],"curies":[{"name":"wp","href":"https:\/\/api.w.org\/{rel}","templated":true}]}}